{"id":937,"date":"2022-04-27T20:02:41","date_gmt":"2022-04-27T18:02:41","guid":{"rendered":"https:\/\/www.hjartatsbon.se\/?page_id=937"},"modified":"2025-01-29T21:32:39","modified_gmt":"2025-01-29T20:32:39","slug":"nyhetsbrev","status":"publish","type":"page","link":"https:\/\/www.hjartatsbon.se\/index.php\/nyhetsbrev\/","title":{"rendered":"Kontakt \/ Nyhets\u00adbrev"},"content":{"rendered":"\n<p><strong>Obs! Vi har haft bekymmer med v\u00e5ra kontaktv\u00e4gar och v\u00e5rt nyhetsbrev. <\/strong>Om du har f\u00f6rs\u00f6kt komma i kontakt med oss men inte lyckats, v\u00e4nligen kontakta oss igen. Om du ej har f\u00e5tt v\u00e5rt nyhetsbrev, v\u00e4nligen anm\u00e4l dig p\u00e5 nytt nedan.<\/p>\n\n\n\n<p>F\u00f6r kontakt med <strong>S\u00e4llskapet Nous, N\u00e4tverket f\u00f6r Hj\u00e4rtats b\u00f6n<\/strong> eller <strong>Den f\u00f6rdolda v\u00e4rlden<\/strong> finns aktuell kontaktinformation p\u00e5 personalsidan d\u00e4r Carl Stattin tj\u00e4nstg\u00f6r. Kontakta \u00e4ven Carl om du \u00e4r intresserad av f\u00f6rel\u00e4sningar.<br><a href=\"https:\/\/www.svenskakyrkan.se\/uppsala\/personal-helgatrefaldighet\" data-type=\"link\" data-id=\"https:\/\/www.svenskakyrkan.se\/uppsala\/personal-helgatrefaldighet\">Carl Stattin, diakon i Helga Trefaldighets f\u00f6rsamling<\/a>.<\/p>\n\n\n\n<p>F\u00f6r kontakt med <strong>N\u00e4tverket f\u00f6r mystagogiskt l\u00e4rande<\/strong> finns aktuell kontaktinformation tillg\u00e4nglig f\u00f6r f\u00f6ljande personer p\u00e5 respektive personalsidor d\u00e4r de tj\u00e4nstg\u00f6r:<br><a href=\"https:\/\/www.svenskakyrkan.se\/uppsala\/personal-helgatrefaldighet\" data-type=\"link\" data-id=\"https:\/\/www.svenskakyrkan.se\/uppsala\/personal-helgatrefaldighet\">Carl Stattin (utbildningsansvarig), diakon i Helga Trefaldighets f\u00f6rsamling.<br><\/a><a href=\"https:\/\/www.svenskakyrkan.se\/lugnas-ullervad\/personal\" data-type=\"link\" data-id=\"https:\/\/www.svenskakyrkan.se\/lugnas-ullervad\/personal\">Josef Moe-Ekesryd (ordf\u00f6rande), pr\u00e4st i Lugn\u00e5s-Ullervads pastorat<\/a>.<\/p>\n\n\n\n<p>F\u00f6r tillg\u00e5ng till Den f\u00f6rdolda v\u00e4rldens chattgrupp p\u00e5 appen Signal, <a href=\"https:\/\/www.hjartatsbon.se\/index.php\/den-fordolda-varlden-2\/\" data-type=\"link\" data-id=\"https:\/\/www.hjartatsbon.se\/index.php\/den-fordolda-varlden-2\/\">klicka h\u00e4r<\/a>. <br>S\u00e4llskapet Nous <a href=\"https:\/\/www.instagram.com\/sallskapetnous\/\" data-type=\"link\" data-id=\"https:\/\/www.instagram.com\/sallskapetnous\/\">instagramkonto finns h\u00e4r<\/a>.<\/p>\n\n\n\n<p><strong>Nyhetsbrevet<\/strong><br>Nu har vi gjort om v\u00e5rt nyhetsbrev i grunden! Om nyhetsbrevet ej fungerat f\u00f6r dig s\u00e5 registrera dig p\u00e5 nytt h\u00e4r nedan. Nyhetsbrevet ges ut av N\u00e4tverket Hj\u00e4rtats b\u00f6n, N\u00e4tverket f\u00f6r mystagogiskt l\u00e4rande i samarbete med podden Den f\u00f6rdolda v\u00e4rlden. Det utkommer med oj\u00e4mna mellanrum.<\/p>\n\n\n  \n  \n  <div class=\"\n    mailpoet_form_popup_overlay\n      \"><\/div>\n  <div\n    id=\"mailpoet_form_1\"\n    class=\"\n      mailpoet_form\n      mailpoet_form_html\n      mailpoet_form_position_\n      mailpoet_form_animation_\n    \"\n      >\n\n    <style type=\"text\/css\">\n     #mailpoet_form_1 .mailpoet_form {  }\n#mailpoet_form_1 form { margin-bottom: 0; }\n#mailpoet_form_1 p.mailpoet_form_paragraph { margin-bottom: 10px; }\n#mailpoet_form_1 .mailpoet_column_with_background { padding: 10px; }\n#mailpoet_form_1 .mailpoet_form_column:not(:first-child) { margin-left: 20px; }\n#mailpoet_form_1 .mailpoet_paragraph { line-height: 20px; margin-bottom: 20px; }\n#mailpoet_form_1 .mailpoet_segment_label, #mailpoet_form_1 .mailpoet_text_label, #mailpoet_form_1 .mailpoet_textarea_label, #mailpoet_form_1 .mailpoet_select_label, #mailpoet_form_1 .mailpoet_radio_label, #mailpoet_form_1 .mailpoet_checkbox_label, #mailpoet_form_1 .mailpoet_list_label, #mailpoet_form_1 .mailpoet_date_label { display: block; font-weight: normal; }\n#mailpoet_form_1 .mailpoet_text, #mailpoet_form_1 .mailpoet_textarea, #mailpoet_form_1 .mailpoet_select, #mailpoet_form_1 .mailpoet_date_month, #mailpoet_form_1 .mailpoet_date_day, #mailpoet_form_1 .mailpoet_date_year, #mailpoet_form_1 .mailpoet_date { display: block; }\n#mailpoet_form_1 .mailpoet_text, #mailpoet_form_1 .mailpoet_textarea { width: 200px; }\n#mailpoet_form_1 .mailpoet_checkbox {  }\n#mailpoet_form_1 .mailpoet_submit {  }\n#mailpoet_form_1 .mailpoet_divider {  }\n#mailpoet_form_1 .mailpoet_message {  }\n#mailpoet_form_1 .mailpoet_form_loading { width: 30px; text-align: center; line-height: normal; }\n#mailpoet_form_1 .mailpoet_form_loading > span { width: 5px; height: 5px; background-color: #5b5b5b; }#mailpoet_form_1{border-radius: 0px;text-align: left;}#mailpoet_form_1 form.mailpoet_form {padding: 10px;}#mailpoet_form_1{width: 100%;}#mailpoet_form_1 .mailpoet_message {margin: 0; padding: 0 20px;}\n        #mailpoet_form_1 .mailpoet_validate_success {color: #00d084}\n        #mailpoet_form_1 input.parsley-success {color: #00d084}\n        #mailpoet_form_1 select.parsley-success {color: #00d084}\n        #mailpoet_form_1 textarea.parsley-success {color: #00d084}\n      \n        #mailpoet_form_1 .mailpoet_validate_error {color: #cf2e2e}\n        #mailpoet_form_1 input.parsley-error {color: #cf2e2e}\n        #mailpoet_form_1 select.parsley-error {color: #cf2e2e}\n        #mailpoet_form_1 textarea.textarea.parsley-error {color: #cf2e2e}\n        #mailpoet_form_1 .parsley-errors-list {color: #cf2e2e}\n        #mailpoet_form_1 .parsley-required {color: #cf2e2e}\n        #mailpoet_form_1 .parsley-custom-error-message {color: #cf2e2e}\n      #mailpoet_form_1 .mailpoet_paragraph.last {margin-bottom: 0} @media (max-width: 500px) {#mailpoet_form_1 {background-image: none;}} @media (min-width: 500px) {#mailpoet_form_1 .last .mailpoet_paragraph:last-child {margin-bottom: 0}}  @media (max-width: 500px) {#mailpoet_form_1 .mailpoet_form_column:last-child .mailpoet_paragraph:last-child {margin-bottom: 0}} \n    <\/style>\n\n    <form\n      target=\"_self\"\n      method=\"post\"\n      action=\"https:\/\/www.hjartatsbon.se\/wp-admin\/admin-post.php?action=mailpoet_subscription_form\"\n      class=\"mailpoet_form mailpoet_form_form mailpoet_form_html\"\n      novalidate\n      data-delay=\"\"\n      data-exit-intent-enabled=\"\"\n      data-font-family=\"\"\n      data-cookie-expiration-time=\"\"\n    >\n      <input type=\"hidden\" name=\"data[form_id]\" value=\"1\" \/>\n      <input type=\"hidden\" name=\"token\" value=\"97df1403fb\" \/>\n      <input type=\"hidden\" name=\"api_version\" value=\"v1\" \/>\n      <input type=\"hidden\" name=\"endpoint\" value=\"subscribers\" \/>\n      <input type=\"hidden\" name=\"mailpoet_method\" value=\"subscribe\" \/>\n\n      <label class=\"mailpoet_hp_email_label\" style=\"display: none !important;\">L\u00e4mna detta f\u00e4lt tomt<input type=\"email\" name=\"data[email]\"\/><\/label><div class=\"mailpoet_paragraph \"><input type=\"email\" autocomplete=\"email\" class=\"mailpoet_text\" id=\"form_email_1\" name=\"data[form_field_M2NmMWIwMTMzZmZiX2VtYWls]\" title=\"E-postadress\" value=\"\" style=\"width:100%;box-sizing:border-box;background-color:#f1f1f1;border-style:solid;border-radius:40px !important;border-width:0px;border-color:#313131;padding:15px;margin: 0 auto 0 0;font-family:&#039;Montserrat&#039;;font-size:15px;line-height:1.5;height:auto;\" data-automation-id=\"form_email\"  placeholder=\"E-postadress *\" aria-label=\"E-postadress *\" data-parsley-errors-container=\".mailpoet_error_17uqs\" data-parsley-required=\"true\" required aria-required=\"true\" data-parsley-minlength=\"6\" data-parsley-maxlength=\"150\" data-parsley-type-message=\"Detta v\u00e4rde m\u00e5ste vara en giltig e-postadress.\" data-parsley-required-message=\"Detta f\u00e4lt \u00e4r obligatoriskt.\"\/><span class=\"mailpoet_error_17uqs\"><\/span><\/div>\n<div class=\"mailpoet_paragraph \"><input type=\"submit\" class=\"mailpoet_submit\" value=\"Klicka h\u00e4r f\u00f6r att f\u00e5 nyhetsbrevet!\" data-automation-id=\"subscribe-submit-button\" data-font-family='Abril FatFace' style=\"width:100%;box-sizing:border-box;background-color:#0081ff;border-style:solid;border-radius:40px !important;border-width:0px;border-color:#313131;padding:15px;margin: 0 auto 0 0;font-family:&#039;Abril FatFace&#039;;font-size:15px;line-height:1.5;height:auto;color:#ffffff;font-weight:bold;\" \/><span class=\"mailpoet_form_loading\"><span class=\"mailpoet_bounce1\"><\/span><span class=\"mailpoet_bounce2\"><\/span><span class=\"mailpoet_bounce3\"><\/span><\/span><\/div>\n<p class=\"mailpoet_form_paragraph  mailpoet-has-font-size\" style=\"text-align: center; font-size: 13px; line-height: 1.5\"><em>L\u00e4s v\u00e5r <a href=\"#\">integritetspolicy<\/a> f\u00f6r mer info.<\/em><\/p>\n\n      <div class=\"mailpoet_message\">\n        <p class=\"mailpoet_validate_success\"\n                style=\"display:none;\"\n                >Kontrollera din inkorg eller skr\u00e4ppostmapp f\u00f6r att bekr\u00e4fta din prenumeration.\n        <\/p>\n        <p class=\"mailpoet_validate_error\"\n                style=\"display:none;\"\n                >        <\/p>\n      <\/div>\n    <\/form>\n\n      <\/div>\n\n  \n\n\n<p><br><\/p>\n","protected":false},"excerpt":{"rendered":"<p>Obs! Vi har haft bekymmer med v\u00e5ra kontaktv\u00e4gar och v\u00e5rt nyhetsbrev. Om du har f\u00f6rs\u00f6kt komma i kontakt med oss&hellip;<\/p>\n","protected":false},"author":1,"featured_media":0,"parent":0,"menu_order":0,"comment_status":"closed","ping_status":"closed","template":"","meta":{"footnotes":""},"class_list":["post-937","page","type-page","status-publish","hentry"],"_links":{"self":[{"href":"https:\/\/www.hjartatsbon.se\/index.php\/wp-json\/wp\/v2\/pages\/937","targetHints":{"allow":["GET"]}}],"collection":[{"href":"https:\/\/www.hjartatsbon.se\/index.php\/wp-json\/wp\/v2\/pages"}],"about":[{"href":"https:\/\/www.hjartatsbon.se\/index.php\/wp-json\/wp\/v2\/types\/page"}],"author":[{"embeddable":true,"href":"https:\/\/www.hjartatsbon.se\/index.php\/wp-json\/wp\/v2\/users\/1"}],"replies":[{"embeddable":true,"href":"https:\/\/www.hjartatsbon.se\/index.php\/wp-json\/wp\/v2\/comments?post=937"}],"version-history":[{"count":25,"href":"https:\/\/www.hjartatsbon.se\/index.php\/wp-json\/wp\/v2\/pages\/937\/revisions"}],"predecessor-version":[{"id":1586,"href":"https:\/\/www.hjartatsbon.se\/index.php\/wp-json\/wp\/v2\/pages\/937\/revisions\/1586"}],"wp:attachment":[{"href":"https:\/\/www.hjartatsbon.se\/index.php\/wp-json\/wp\/v2\/media?parent=937"}],"curies":[{"name":"wp","href":"https:\/\/api.w.org\/{rel}","templated":true}]}}