{"id":869,"date":"2021-06-29T14:20:10","date_gmt":"2021-06-29T12:20:10","guid":{"rendered":"https:\/\/www.hjartatsbon.se\/?page_id=869"},"modified":"2026-02-07T17:58:40","modified_gmt":"2026-02-07T16:58:40","slug":"den-fordolda-varlden","status":"publish","type":"page","link":"https:\/\/www.hjartatsbon.se\/index.php\/den-fordolda-varlden\/","title":{"rendered":"Den f\u00f6rdolda v\u00e4rlden \u2013 ordf\u00f6rklaringar och h\u00e4nvisningar"},"content":{"rendered":"\n<p class=\"has-text-align-center\" style=\"font-size:25px\"><\/p>\n\n\n\n<p><strong>Luthersk mystik (En \u00e4del liten bok del 1 av 3)<\/strong><\/p>\n\n\n\n<p>4:35 Tyska orden <br><a href=\"https:\/\/sv.wikipedia.org\/wiki\/Tyska_orden\">https:\/\/sv.wikipedia.org\/wiki\/Tyska_orden<\/a><\/p>\n\n\n\n<p>6:26 Johannes Tauler <br><a href=\"https:\/\/sv.wikipedia.org\/wiki\/Johannes_Tauler\">https:\/\/sv.wikipedia.org\/wiki\/Johannes_Tauler<\/a><\/p>\n\n\n\n<p>6:47 M\u00e4ster Eckhart <br><a href=\"https:\/\/sv.wikipedia.org\/wiki\/Eckhart_von_Hochheim\">https:\/\/sv.wikipedia.org\/wiki\/Eckhart_von_Hochheim<\/a><\/p>\n\n\n\n<p>13:45 Finska Lutherprojektet<br><a href=\"https:\/\/www.academia.edu\/Documents\/in\/The_New_Finnish_Interpretation_of_Luther\">https:\/\/www.academia.edu\/Documents\/in\/The_New_Finnish_Interpretation_of_Luther<\/a><\/p>\n\n\n\n<p>Tuomo Mannermaa <br><a href=\"https:\/\/en.wikipedia.org\/wiki\/Tuomo_Mannermaa\">https:\/\/en.wikipedia.org\/wiki\/Tuomo_Mannermaa<\/a><\/p>\n\n\n\n<p>15:14 \u2013 Taize: Ubi caritas <br><a href=\"https:\/\/www.youtube.com\/watch?v=G2o27qpvfUc\">https:\/\/www.youtube.com\/watch?v=G2o27qpvfUc<\/a><\/p>\n\n\n\n<p>19:28 Arndt <br><a href=\"https:\/\/sv.wikipedia.org\/wiki\/Johann_Arndt\">https:\/\/sv.wikipedia.org\/wiki\/Johann_Arndt<\/a><\/p>\n\n\n\n<p>19:53 Index f\u00f6r f\u00f6rbjudna b\u00f6cker <br><a href=\"https:\/\/sv.wikipedia.org\/wiki\/Index_librorum_prohibitorum\">https:\/\/sv.wikipedia.org\/wiki\/Index_librorum_prohibitorum<\/a><\/p>\n\n\n\n<p>23:23 Athanasios av Alexandria (Gud blev m\u00e4nniska f\u00f6r att m\u00e4nniskan skulle kunna bli Gud), samtal om f\u00f6rgudligande<br><a href=\"https:\/\/sv.wikipedia.org\/wiki\/Athanasios\">https:\/\/sv.wikipedia.org\/wiki\/Athanasios<\/a><\/p>\n\n\n\n<p>24:16 G\u00f6ran Agrell <br><a href=\"http:\/\/luther2017.se\/?page_id=43\">http:\/\/luther2017.se\/?page_id=43<\/a> <\/p>\n\n\n\n<p>30:31 Om &#8221;De fria&#8221;<br><a href=\"https:\/\/en.wikipedia.org\/wiki\/Brethren_of_the_Free_Spirit\">Brethren of the Free Spirit &#8211; Wikipedia<\/a><\/p>\n\n\n\n<p>34:38 Gottfried Arnold <br><a href=\"http:\/\/luther2017.se\/?page_id=43\">http:\/\/luther2017.se\/?page_id=43<\/a><\/p>\n\n\n\n<p><\/p>\n\n\n\n<p><strong>Jaget \u00e4r problemet (En \u00e4del liten bok del 2 av 3)<\/strong><\/p>\n\n\n\n<p>9:30 \u2013 Du vet v\u00e4l om att du \u00e4r v\u00e4rdefull nr 791 i Svenska kyrkans psalmbok med till\u00e4gg fr\u00e5n Verbum<\/p>\n\n\n\n<p>13:12 Gichtel och brevsamlingen <br><a href=\"https:\/\/sv.wikipedia.org\/wiki\/Georg_Gichtel\">https:\/\/sv.wikipedia.org\/wiki\/Georg_Gichtel<\/a><\/p>\n\n\n\n<p>20:58 Madame Guyon <br><a href=\"https:\/\/sv.wikipedia.org\/wiki\/Georg_Gichtel\">https:\/\/sv.wikipedia.org\/wiki\/Georg_Gichtel<\/a><\/p>\n\n\n\n<p>22:18 Flodbergskretsen<br>Boktips:<br>Linnea Hofgren och Flodbergskretsen: En bok om kristen mystik och mytomspunna mystiker \u2013 Abir Francis<br>Understr\u00f6mmar i Gamla stan \u2013 Magnus Olsson<\/p>\n\n\n\n<p>22:40 Henrik Schager <br><a href=\"http:\/\/ekumeniskakommuniteten.se\/synaxarium\/2013\/10\/20\/henrik-schager-1870-1934\/\">http:\/\/ekumeniskakommuniteten.se\/synaxarium\/2013\/10\/20\/henrik-schager-1870-1934\/<\/a><\/p>\n\n\n\n<p>22:53 Linnea Hofgren <br><a href=\"http:\/\/ekumeniskakommuniteten.se\/synaxarium\/2013\/01\/26\/linnea-hofgren-1868-1921-2\/\">http:\/\/ekumeniskakommuniteten.se\/synaxarium\/2013\/01\/26\/linnea-hofgren-1868-1921-2\/<\/a><\/p>\n\n\n\n<p>24:18 Liknelsen om den f\u00f6rlorade sonen, Lukasevangeliet 15:11ff&nbsp;<\/p>\n\n\n\n<p>29:30 Dionysios Areopagiten <br><a href=\"https:\/\/sv.wikipedia.org\/wiki\/Dionysios_Areopagita\">https:\/\/sv.wikipedia.org\/wiki\/Dionysios_Areopagita<\/a><\/p>\n\n\n\n<p>35:49 Johannes av Korset <br><a href=\"http:\/\/ekumeniskakommuniteten.se\/synaxarium\/2013\/12\/14\/johannes-av-korset-1542-1591\/\">http:\/\/ekumeniskakommuniteten.se\/synaxarium\/2013\/12\/14\/johannes-av-korset-1542-1591\/<\/a><\/p>\n\n\n\n<p><\/p>\n\n\n\n<p><strong>Det mystika livet (En \u00e4del liten bok del 3 av 3)<\/strong><\/p>\n\n\n\n<p><\/p>\n\n\n\n<p><\/p>\n\n\n\n<p>8:55 N.P. Wetterlund. Citat: \u201dD\u00f6 d\u00f6den innan du d\u00f6r, s\u00e5 d\u00f6r du inte d\u00f6den n\u00e4r du d\u00f6r\u201d<br><a href=\"https:\/\/sv.wikipedia.org\/wiki\/Nils_Peter_Wetterlund\">https:\/\/sv.wikipedia.org\/wiki\/Nils_Peter_Wetterlund<\/a><\/p>\n\n\n\n<p>10:22 \u201dL\u00e4r oss hur f\u00e5 v\u00e5ra dagar \u00e4r\u201d, Psaltaren 90:12<\/p>\n\n\n\n<p>14:52 Jesus m\u00e4ttar 5000,&nbsp;Johannesevangeliet 6ff<\/p>\n\n\n\n<p>18:21 Fritz Olofsson &amp; Bo Nylund<br><a href=\"https:\/\/unt.se\/kultur-noje\/litteratur\/master-fritz-sokte-pa-djupet-4487764.aspx\">https:\/\/unt.se\/kultur-noje\/litteratur\/master-fritz-sokte-pa-djupet-4487764.aspx<\/a> <br><a href=\"https:\/\/unt.se\/nyheter\/uppsala\/han-hjalper-de-asylsokande-1106058.aspx\">Han hj\u00e4lper de asyls\u00f6kande \u2013 Upsala Nya Tidning (unt.se)<\/a><\/p>\n\n\n\n<p>Boktips:&nbsp;<a href=\"https:\/\/www.siljansmasar.com\/product\/master-fritz\">https:\/\/www.siljansmasar.com\/product\/master-fritz<\/a><\/p>\n\n\n\n<p>19:20 Rabbinen med l\u00e4rjungarna som tjuvkikar, ber\u00e4ttelsen kommer fr\u00e5n Talmud; Babyloniska Talmud, Berakhot&nbsp;62a<\/p>\n\n\n\n<p>20:00 Symeon den nye teologen&nbsp;<br><a href=\"http:\/\/ekumeniskakommuniteten.se\/synaxarium\/2013\/03\/12\/symeon-den-nye-teologen-949-1022\/\">http:\/\/ekumeniskakommuniteten.se\/synaxarium\/2013\/03\/12\/symeon-den-nye-teologen-949-1022\/<\/a><\/p>\n\n\n\n<p>20:36 Hesychasm<br>Kommer att f\u00f6rklaras mer ing\u00e5ende i kommande avsnitt. Fr\u00e4mst &#8221;K\u00e4rlekselden&#8221;, &#8221;Den tredelade sj\u00e4len&#8221; och &#8221;Upp &amp; Ned&#8221;. L\u00e4s g\u00e4rna introduktionen kring Hj\u00e4rtats b\u00f6n p\u00e5 denna hemsida.<\/p>\n\n\n\n<p>21:07 F\u00f6rslag p\u00e5 platser f\u00f6r retreat<br><a href=\"http:\/\/pingstlinkoping.se\/bjarkasaby_retreat\/\">http:\/\/pingstlinkoping.se\/bjarkasaby_retreat\/<\/a><br><a href=\"http:\/\/www.berget.se\/\">http:\/\/www.berget.se\/<\/a><br><a rel=\"noreferrer noopener\" href=\"http:\/\/www.sigtunastiftelsen.se\/\" target=\"_blank\">http:\/\/www.sigtunastiftelsen.se\/ <\/a><br>Fler tips:&nbsp;<a href=\"http:\/\/www.fto.st\/retreat.htm\">http:\/\/www.fto.st\/retreat.htm<\/a><\/p>\n\n\n\n<p><strong>Signaturen &#8221;E.&#8221; (Hj\u00e4lpl\u00f6shetens evangelium del 1 av 3)<\/strong><\/p>\n\n\n\n<p><\/p>\n\n\n\n<p><\/p>\n\n\n\n<p>1:29 Carl Flodberg och Linnea Hofgren<\/p>\n\n\n\n<p>4:25 David Petander<\/p>\n\n\n\n<p>En man som v\u00e5gade tro<br>David Petanders liv och budskap<br>Kandidatuppsats i KM232 15 hp Maja Ekstr\u00f6m<\/p>\n\n\n\n<p><a href=\"https:\/\/ljud.files.wordpress.com\/2012\/12\/en-man-som-vc3a5gade-tro-av-maja-ekstrc3b6m.pdf\">https:\/\/ljud.files.wordpress.com\/2012\/12\/en-man-som-vc3a5gade-tro-av-maja-ekstrc3b6m.pdf<\/a><\/p>\n\n\n\n<p>7:22 H\u00e4r n\u00e4mns Anton Geels definitioner av mystik<\/p>\n\n\n\n<p>9:45 B\u00f6cker som inneh\u00e5ller Hjalmar Ekstr\u00f6ms brev: Den f\u00f6rdolda verkstaden, Den stilla kammaren, Nu lever inte mer jag utan Kristus lever i mig<\/p>\n\n\n\n<p>11:20 Martin L\u00f6nnebo \u2013 Religionens fem spr\u00e5k (finns numera att k\u00f6pa p\u00e5 ex bokhandeln Arken https:\/\/www.arken.se\/religionens-fem-sprak-om-religionens-mening-och-fornyelse)<\/p>\n\n\n\n<p>12:00 H\u00e4r n\u00e4mns Fr\u00e4lsarkransen, se exempelvis denna artikel <a href=\"https:\/\/www.svd.se\/tro-hopp-och-parlor\">https:\/\/www.svd.se\/tro-hopp-och-parlor<\/a><\/p>\n\n\n\n<p>12:20 H\u00e4r n\u00e4mns P\u00e4r \u00c5kerlund, Artos<\/p>\n\n\n\n<p>13:45 Wilfrid Stinissen <a href=\"https:\/\/sv.wikipedia.org\/wiki\/Wilfrid_Stinissen\">https:\/\/sv.wikipedia.org\/wiki\/Wilfrid_Stinissen<\/a> (bibliografi finns p\u00e5 wikisidan)<\/p>\n\n\n\n<p>16:03 H\u00e4r n\u00e4mns Henrik Suso<\/p>\n\n\n\n<p><a href=\"https:\/\/sv.wikipedia.org\/wiki\/Henrik_Suso\">https:\/\/sv.wikipedia.org\/wiki\/Henrik_Suso<\/a> (h\u00e4r finns en biografi)<\/p>\n\n\n\n<p>Jean de Bernieres-Louvigny<\/p>\n\n\n\n<p><a href=\"https:\/\/en.wikipedia.org\/wiki\/Jean_de_Bernieres-Louvigny\">https:\/\/en.wikipedia.org\/wiki\/Jean_de_Bernieres-Louvigny<\/a><\/p>\n\n\n\n<p>Gerhard Tersteegen &#8211; <a href=\"https:\/\/en.wikipedia.org\/wiki\/Gerhard_Tersteegen\">https:\/\/en.wikipedia.org\/wiki\/Gerhard_Tersteegen<\/a> (p\u00e5 wikisidan finns exempel p\u00e5 en av hans hymner)<\/p>\n\n\n\n<p>Madame Guyon &#8211; https:\/\/sv.wikipedia.org\/wiki\/Jeanne_Marie_Bouvier_de_la_Motte_Guyon<\/p>\n\n\n\n<p>16:42 Utblottelse (Eolit f\u00f6rlag), red Ulf I Eriksson<\/p>\n\n\n\n<p>31:42 C. G. Jung &#8211; https:\/\/sv.wikipedia.org\/wiki\/Carl_Gustav_Jung<\/p>\n\n\n\n<p>33:39 S\u00e5ngboken \u201dToner fr\u00e5n det inre livets v\u00e4rld\u201d<\/p>\n\n\n\n<p>37:55 Hur ljuvligt att f\u00e5 vara en ton fr\u00e5n himmelen -Linnea Hofgren, finns i Psalmer och S\u00e5nger<\/p>\n\n\n\n<p><a><\/a>En ton fr\u00e5n himmelen: En studie om Linnea Hofgren och mystikernas modersm\u00e5l.<\/p>\n\n\n\n<p><a href=\"https:\/\/lup.lub.lu.se\/student-papers\/search\/publication\/5150211?fbclid=IwAR0gu1v6aXjJsPWd049qAyP2BQKPpT6o3_0gl3RVwPMWLLcsTvUz8DefNbo\">https:\/\/lup.lub.lu.se\/student-papers\/search\/publication\/5150211?fbclid=IwAR0gu1v6aXjJsPWd049qAyP2BQKPpT6o3_0gl3RVwPMWLLcsTvUz8DefNbo<\/a><\/p>\n\n\n\n<p><a><\/a>Tystnadens lovs\u00e5ng: Om s\u00e5ngen som uttryck och medel i Flodbergskretsens kenotiska spiritualitet.<\/p>\n\n\n\n<p><a href=\"https:\/\/lup.lub.lu.se\/student-papers\/search\/publication\/8895564?fbclid=IwAR2nVX78duQ1gBc5-rCLRT3ZevbPUgR4lgBkSCfbi8xFVJop_bSYyHGBjCE\">https:\/\/lup.lub.lu.se\/student-papers\/search\/publication\/8895564?fbclid=IwAR2nVX78duQ1gBc5-rCLRT3ZevbPUgR4lgBkSCfbi8xFVJop_bSYyHGBjCE<\/a><\/p>\n\n\n\n<p><\/p>\n\n\n\n<p><\/p>\n\n\n\n<p><strong>Enfaldighet (Hj\u00e4lpl\u00f6shetens evangelium del 2 av 3)<\/strong><\/p>\n\n\n\n<p>5:53 Ett \u00e4r n\u00f6dv\u00e4ndigt 15 efter Trefaldighet i Svenska kyrkans evangeliebok<\/p>\n\n\n\n<p>10:57 ber\u00e4ttelse om n\u00e4r Salomo m\u00f6ter Gud i en dr\u00f6m finns i 1 Kung 3:5ff<\/p>\n\n\n\n<p>18:12 Linnea Hofgrens b\u00f6n<\/p>\n\n\n\n<p>O, du himmelska magnet, drag genom din sk\u00f6nhet alla hj\u00e4rtan till dig, \u00e4lska dig sj\u00e4lv in i dem du vunnit, s\u00e5 att de icke kunna motst\u00e5 dig. Uti ditt uppstungna hj\u00e4rta f\u00e5 alla dina fattiga sm\u00e5 g\u00e5 till vila, och n\u00e4r du s\u00e5 f\u00e5r g\u00f6mma dem och genomtr\u00e4nga dem med dig sj\u00e4lv, s\u00e5 att du i dem f\u00e5r vara vad du \u00e4r, d\u00e5 finner ock du i dem din vila! M\u00e5 det d\u00e5 i allas hj\u00e4rtan och liv bliva ett enda: Lammet. <\/p>\n\n\n\n<p>O, huru underbart en g\u00e5ng, n\u00e4r du, o Sol, f\u00e5ngar alla de spridda str\u00e5larna till en enda flamma, som blixtrar in i dig f\u00f6r att evigt f\u00f6renas med sitt ursprung! D\u00e5 skall enheten uppenbaras i m\u00e5ngfalden och m\u00e5ngfalden ins\u00e4nkas i enheten, d\u00e5 skall k\u00e4rleken vara sitt eget pris, n\u00e4r du blivit allt i alla, d\u00e5 skall saligheten fullt avt\u00e4cka sin \u2013 nu blott genom tron anade hemlighet: \u201dGud och intet mer\u201d<\/p>\n\n\n\n<p>26:41 1921 \u2013 Compunctio (\u00c5hl\u00e9n, Ekl\u00f6f, Runeson)<\/p>\n\n\n\n<p>L\u00e5tar fr\u00e5n 1921 som h\u00f6rs i avsnittet: The clear fount och In my veins<\/p>\n\n\n\n<p><\/p>\n\n\n\n<p><\/p>\n\n\n\n<p><strong>T\u00f6rne &amp; Krona (Hj\u00e4lpl\u00f6shetens evangelium del 3 av 3)<\/strong><\/p>\n\n\n\n<p>6:10 I Franciskus Sols\u00e5ng n\u00e4mns Syster D\u00f6d &#8211; <a href=\"https:\/\/sv.wikipedia.org\/wiki\/Franciskus_sols%C3%A5ng\">https:\/\/sv.wikipedia.org\/wiki\/Franciskus_sols%C3%A5ng<\/a><\/p>\n\n\n\n<p>Se \u00e4ven Svenska psalmboken nr 23, \u201dTack, gode, Gud f\u00f6r allt som finns\u201d<\/p>\n\n\n\n<p>11:10 Galaterbrevet 2:20<\/p>\n\n\n\n<p>23:17 CCAM &#8211; <a href=\"https:\/\/varsta.se\/resurscentrum\/utbildningar-och-forelasningar\/#ccam\">https:\/\/varsta.se\/resurscentrum\/utbildningar-och-forelasningar\/#ccam<\/a><\/p>\n\n\n\n<p>43 Philokalia<\/p>\n\n\n\n<p><a href=\"https:\/\/en.wikipedia.org\/wiki\/Philokalia#:~:text=The%20Philokalia%20(Ancient%20Greek%3A%20%CF%86%CE%B9%CE%BB%CE%BF%CE%BA%CE%B1%CE%BB%CE%AF%CE%B1,Orthodox%20Church%20mystical%20hesychast%20tradition.\">https:\/\/en.wikipedia.org\/wiki\/Philokalia#:~:text=The%20Philokalia%20(Ancient%20Greek%3A%20%CF%86%CE%B9%CE%BB%CE%BF%CE%BA%CE%B1%CE%BB%CE%AF%CE%B1,Orthodox%20Church%20mystical%20hesychast%20tradition.<\/a><\/p>\n\n\n\n<p>45:21 Kristi f\u00f6rklaring, Luk 9:28, Matt 17:15, Mark 9:2<\/p>\n\n\n\n<p>46:26 Erik Hermelin n\u00e4mns (ang sufism) &#8211; https:\/\/sv.wikipedia.org\/wiki\/Eric_Hermelin<\/p>\n","protected":false},"excerpt":{"rendered":"<p>Luthersk mystik (En \u00e4del liten bok del 1 av 3) 4:35 Tyska orden https:\/\/sv.wikipedia.org\/wiki\/Tyska_orden 6:26 Johannes Tauler https:\/\/sv.wikipedia.org\/wiki\/Johannes_Tauler 6:47 M\u00e4ster&hellip;<\/p>\n","protected":false},"author":1,"featured_media":0,"parent":0,"menu_order":0,"comment_status":"closed","ping_status":"closed","template":"","meta":{"footnotes":""},"class_list":["post-869","page","type-page","status-publish","hentry"],"_links":{"self":[{"href":"https:\/\/www.hjartatsbon.se\/index.php\/wp-json\/wp\/v2\/pages\/869","targetHints":{"allow":["GET"]}}],"collection":[{"href":"https:\/\/www.hjartatsbon.se\/index.php\/wp-json\/wp\/v2\/pages"}],"about":[{"href":"https:\/\/www.hjartatsbon.se\/index.php\/wp-json\/wp\/v2\/types\/page"}],"author":[{"embeddable":true,"href":"https:\/\/www.hjartatsbon.se\/index.php\/wp-json\/wp\/v2\/users\/1"}],"replies":[{"embeddable":true,"href":"https:\/\/www.hjartatsbon.se\/index.php\/wp-json\/wp\/v2\/comments?post=869"}],"version-history":[{"count":14,"href":"https:\/\/www.hjartatsbon.se\/index.php\/wp-json\/wp\/v2\/pages\/869\/revisions"}],"predecessor-version":[{"id":1797,"href":"https:\/\/www.hjartatsbon.se\/index.php\/wp-json\/wp\/v2\/pages\/869\/revisions\/1797"}],"wp:attachment":[{"href":"https:\/\/www.hjartatsbon.se\/index.php\/wp-json\/wp\/v2\/media?parent=869"}],"curies":[{"name":"wp","href":"https:\/\/api.w.org\/{rel}","templated":true}]}}